{"id":15889,"date":"2025-10-26T09:41:55","date_gmt":"2025-10-26T09:41:55","guid":{"rendered":"https:\/\/esstogai.com\/produktai\/?post_type=product&#038;p=15889"},"modified":"2025-10-26T10:20:08","modified_gmt":"2025-10-26T10:20:08","slug":"rankinis-suvirinimo-karstu-oru-aparatas-perkeo-hotgun","status":"publish","type":"product","link":"https:\/\/esstogai.com\/produktai\/produktas\/rankinis-suvirinimo-karstu-oru-aparatas-perkeo-hotgun\/","title":{"rendered":"Rankinis suvirinimo kar\u0161tu oru aparatas PERKEO HOTGUN"},"content":{"rendered":"<p>&#8216;- Ergonomi\u0161ka konstrukcija, u\u017etikrinanti darb\u0105 be nuovargio<br \/>\n&#8211; Apsauga nuo perkaitimo d\u0117l pastovaus oro srauto ir \u012fdiegtos jutikli\u0173 technologijos<br \/>\n&#8211; Bepakopis temperat\u016bros reguliavimas<br \/>\n&#8211; Saugus sand\u0117liavimas ir gumos \u017eiedu u\u017etikrinama prietaiso apsauga<br \/>\n&#8211; Nepralenkiama PERKEO kokyb\u0117!<br \/>\n&#8211; Tinkamas naudoti nepertraukiamam darbui<\/p>\n<p>HOTGUN 2000 S yra tvirtas pagrindinis aparatas sintetini\u0173 stogo dang\u0173 ir hidroizoliacin\u0117ms juostoms suvirinti.<br \/>\nD\u0117l statybos objektuose patikrintos elektronikos ir tvirtos kokybi\u0161k\u0173 med\u017eiag\u0173 konstrukcijos HOTGUN 2000 S yra patikimas partneris atliekant stogo darbus.<\/p>\n<p>D\u0117l ergonomi\u0161kos konstrukcijos ir nedidelio svorio jis patogiai telpa delne ir u\u017etikrina nuovargio nesukeliant\u012f darb\u0105.<br \/>\nRankenos gale yra neslystantis ir sm\u016bgiams atsparus kietas guminis \u017eiedas, kad HOTGUN 2000 S b\u016bt\u0173 galima saugiai pad\u0117ti per darbo pertraukas. Bepakopis temperat\u016bros reguliavimas atliekamas patikimu rankenoje \u012frengtu pasukamu jungikliu, o siekiant apsaugoti nuo perkaitimo, HOTGUN 2000 S yra u\u017eprogramuotas pastoviam oro srautui visuose temperat\u016bros diapazonuose. HOTGUN 2000 S sukurtas nepertraukiamam darbui!<\/p>\n<p>Techniniai duomenys:<br \/>\n\u012etampa: 230 V<br \/>\nDa\u017enis: 60 Hz<br \/>\nGalia: 1600 W<br \/>\nTemperat\u016bra: 20-700oC<br \/>\nOro srautas: 230 l\/min.<br \/>\nOro sl\u0117gis: 3000 Pa<br \/>\nLaido ilgis: 3 m<br \/>\nMatmenys (ilgis ir \u00d8): 340 x 100 mm, rankena 60 mm<br \/>\nAtitikties \u017eenklas: CE<br \/>\nSaugos klas\u0117: II<\/p>\n","protected":false},"excerpt":{"rendered":"<p>&#8216;- Ergonomi\u0161ka konstrukcija, u\u017etikrinanti darb\u0105 be nuovargio &#8211; Apsauga nuo perkaitimo d\u0117l pastovaus oro srauto ir \u012fdiegtos jutikli\u0173 technologijos &#8211;<\/p>\n","protected":false},"featured_media":15945,"comment_status":"closed","ping_status":"closed","template":"","meta":[],"product_brand":[74],"product_cat":[70],"product_tag":[],"class_list":{"0":"post-15889","1":"product","2":"type-product","3":"status-publish","4":"has-post-thumbnail","6":"product_brand-perkeo","7":"product_cat-irankiai","9":"first","10":"instock","11":"shipping-taxable","12":"product-type-simple"},"yoast_head":"<!-- This site is optimized with the Yoast SEO plugin v26.6 - https:\/\/yoast.com\/wordpress\/plugins\/seo\/ -->\n<title>Rankinis suvirinimo kar\u0161tu oru aparatas PERKEO HOTGUN - Profesional\u016bs plok\u0161\u010di\u0173 stog\u0173 dengimo med\u017eiagos ir \u012frankiai<\/title>\n<meta name=\"robots\" content=\"index, follow, max-snippet:-1, max-image-preview:large, max-video-preview:-1\" \/>\n<link rel=\"canonical\" href=\"https:\/\/esstogai.com\/produktai\/produktas\/rankinis-suvirinimo-karstu-oru-aparatas-perkeo-hotgun\/\" \/>\n<meta property=\"og:locale\" content=\"lt_LT\" \/>\n<meta property=\"og:type\" content=\"article\" \/>\n<meta property=\"og:title\" content=\"Rankinis suvirinimo kar\u0161tu oru aparatas PERKEO HOTGUN - Profesional\u016bs plok\u0161\u010di\u0173 stog\u0173 dengimo med\u017eiagos ir \u012frankiai\" \/>\n<meta property=\"og:description\" content=\"&#8216;- Ergonomi\u0161ka konstrukcija, u\u017etikrinanti darb\u0105 be nuovargio &#8211; Apsauga nuo perkaitimo d\u0117l pastovaus oro srauto ir \u012fdiegtos jutikli\u0173 technologijos &#8211;\" \/>\n<meta property=\"og:url\" content=\"https:\/\/esstogai.com\/produktai\/produktas\/rankinis-suvirinimo-karstu-oru-aparatas-perkeo-hotgun\/\" \/>\n<meta property=\"og:site_name\" content=\"Profesional\u016bs plok\u0161\u010di\u0173 stog\u0173 dengimo med\u017eiagos ir \u012frankiai\" \/>\n<meta property=\"article:modified_time\" content=\"2025-10-26T10:20:08+00:00\" \/>\n<meta property=\"og:image\" content=\"https:\/\/esstogai.com\/produktai\/wp-content\/uploads\/2025\/10\/Screenshot-2023-10-27-114201-scaled-1.jpg\" \/>\n\t<meta property=\"og:image:width\" content=\"1800\" \/>\n\t<meta property=\"og:image:height\" content=\"859\" \/>\n\t<meta property=\"og:image:type\" content=\"image\/jpeg\" \/>\n<meta name=\"twitter:card\" content=\"summary_large_image\" \/>\n<meta name=\"twitter:label1\" content=\"Est. reading time\" \/>\n\t<meta name=\"twitter:data1\" content=\"2 minut\u0117s\" \/>\n<script type=\"application\/ld+json\" class=\"yoast-schema-graph\">{\"@context\":\"https:\/\/schema.org\",\"@graph\":[{\"@type\":\"WebPage\",\"@id\":\"https:\/\/esstogai.com\/produktai\/produktas\/rankinis-suvirinimo-karstu-oru-aparatas-perkeo-hotgun\/\",\"url\":\"https:\/\/esstogai.com\/produktai\/produktas\/rankinis-suvirinimo-karstu-oru-aparatas-perkeo-hotgun\/\",\"name\":\"Rankinis suvirinimo kar\u0161tu oru aparatas PERKEO HOTGUN - Profesional\u016bs plok\u0161\u010di\u0173 stog\u0173 dengimo med\u017eiagos ir \u012frankiai\",\"isPartOf\":{\"@id\":\"https:\/\/esstogai.com\/produktai\/#website\"},\"primaryImageOfPage\":{\"@id\":\"https:\/\/esstogai.com\/produktai\/produktas\/rankinis-suvirinimo-karstu-oru-aparatas-perkeo-hotgun\/#primaryimage\"},\"image\":{\"@id\":\"https:\/\/esstogai.com\/produktai\/produktas\/rankinis-suvirinimo-karstu-oru-aparatas-perkeo-hotgun\/#primaryimage\"},\"thumbnailUrl\":\"https:\/\/esstogai.com\/produktai\/wp-content\/uploads\/2025\/10\/Screenshot-2023-10-27-114201-scaled-1.jpg\",\"datePublished\":\"2025-10-26T09:41:55+00:00\",\"dateModified\":\"2025-10-26T10:20:08+00:00\",\"breadcrumb\":{\"@id\":\"https:\/\/esstogai.com\/produktai\/produktas\/rankinis-suvirinimo-karstu-oru-aparatas-perkeo-hotgun\/#breadcrumb\"},\"inLanguage\":\"lt-LT\",\"potentialAction\":[{\"@type\":\"ReadAction\",\"target\":[\"https:\/\/esstogai.com\/produktai\/produktas\/rankinis-suvirinimo-karstu-oru-aparatas-perkeo-hotgun\/\"]}]},{\"@type\":\"ImageObject\",\"inLanguage\":\"lt-LT\",\"@id\":\"https:\/\/esstogai.com\/produktai\/produktas\/rankinis-suvirinimo-karstu-oru-aparatas-perkeo-hotgun\/#primaryimage\",\"url\":\"https:\/\/esstogai.com\/produktai\/wp-content\/uploads\/2025\/10\/Screenshot-2023-10-27-114201-scaled-1.jpg\",\"contentUrl\":\"https:\/\/esstogai.com\/produktai\/wp-content\/uploads\/2025\/10\/Screenshot-2023-10-27-114201-scaled-1.jpg\",\"width\":1800,\"height\":859},{\"@type\":\"BreadcrumbList\",\"@id\":\"https:\/\/esstogai.com\/produktai\/produktas\/rankinis-suvirinimo-karstu-oru-aparatas-perkeo-hotgun\/#breadcrumb\",\"itemListElement\":[{\"@type\":\"ListItem\",\"position\":1,\"name\":\"Home\",\"item\":\"https:\/\/esstogai.com\/produktai\/\"},{\"@type\":\"ListItem\",\"position\":2,\"name\":\"Katalogas\",\"item\":\"https:\/\/esstogai.com\/produktai\/katalogas\/\"},{\"@type\":\"ListItem\",\"position\":3,\"name\":\"Rankinis suvirinimo kar\u0161tu oru aparatas PERKEO HOTGUN\"}]},{\"@type\":\"WebSite\",\"@id\":\"https:\/\/esstogai.com\/produktai\/#website\",\"url\":\"https:\/\/esstogai.com\/produktai\/\",\"name\":\"Profesional\u016bs plok\u0161\u010di\u0173 stog\u0173 dengimo med\u017eiagos ir \u012frankiai\",\"description\":\"\",\"potentialAction\":[{\"@type\":\"SearchAction\",\"target\":{\"@type\":\"EntryPoint\",\"urlTemplate\":\"https:\/\/esstogai.com\/produktai\/?s={search_term_string}\"},\"query-input\":{\"@type\":\"PropertyValueSpecification\",\"valueRequired\":true,\"valueName\":\"search_term_string\"}}],\"inLanguage\":\"lt-LT\"}]}<\/script>\n<!-- \/ Yoast SEO plugin. -->","yoast_head_json":{"title":"Rankinis suvirinimo kar\u0161tu oru aparatas PERKEO HOTGUN - Profesional\u016bs plok\u0161\u010di\u0173 stog\u0173 dengimo med\u017eiagos ir \u012frankiai","robots":{"index":"index","follow":"follow","max-snippet":"max-snippet:-1","max-image-preview":"max-image-preview:large","max-video-preview":"max-video-preview:-1"},"canonical":"https:\/\/esstogai.com\/produktai\/produktas\/rankinis-suvirinimo-karstu-oru-aparatas-perkeo-hotgun\/","og_locale":"lt_LT","og_type":"article","og_title":"Rankinis suvirinimo kar\u0161tu oru aparatas PERKEO HOTGUN - Profesional\u016bs plok\u0161\u010di\u0173 stog\u0173 dengimo med\u017eiagos ir \u012frankiai","og_description":"&#8216;- Ergonomi\u0161ka konstrukcija, u\u017etikrinanti darb\u0105 be nuovargio &#8211; Apsauga nuo perkaitimo d\u0117l pastovaus oro srauto ir \u012fdiegtos jutikli\u0173 technologijos &#8211;","og_url":"https:\/\/esstogai.com\/produktai\/produktas\/rankinis-suvirinimo-karstu-oru-aparatas-perkeo-hotgun\/","og_site_name":"Profesional\u016bs plok\u0161\u010di\u0173 stog\u0173 dengimo med\u017eiagos ir \u012frankiai","article_modified_time":"2025-10-26T10:20:08+00:00","og_image":[{"width":1800,"height":859,"url":"https:\/\/esstogai.com\/produktai\/wp-content\/uploads\/2025\/10\/Screenshot-2023-10-27-114201-scaled-1.jpg","type":"image\/jpeg"}],"twitter_card":"summary_large_image","twitter_misc":{"Est. reading time":"2 minut\u0117s"},"schema":{"@context":"https:\/\/schema.org","@graph":[{"@type":"WebPage","@id":"https:\/\/esstogai.com\/produktai\/produktas\/rankinis-suvirinimo-karstu-oru-aparatas-perkeo-hotgun\/","url":"https:\/\/esstogai.com\/produktai\/produktas\/rankinis-suvirinimo-karstu-oru-aparatas-perkeo-hotgun\/","name":"Rankinis suvirinimo kar\u0161tu oru aparatas PERKEO HOTGUN - Profesional\u016bs plok\u0161\u010di\u0173 stog\u0173 dengimo med\u017eiagos ir \u012frankiai","isPartOf":{"@id":"https:\/\/esstogai.com\/produktai\/#website"},"primaryImageOfPage":{"@id":"https:\/\/esstogai.com\/produktai\/produktas\/rankinis-suvirinimo-karstu-oru-aparatas-perkeo-hotgun\/#primaryimage"},"image":{"@id":"https:\/\/esstogai.com\/produktai\/produktas\/rankinis-suvirinimo-karstu-oru-aparatas-perkeo-hotgun\/#primaryimage"},"thumbnailUrl":"https:\/\/esstogai.com\/produktai\/wp-content\/uploads\/2025\/10\/Screenshot-2023-10-27-114201-scaled-1.jpg","datePublished":"2025-10-26T09:41:55+00:00","dateModified":"2025-10-26T10:20:08+00:00","breadcrumb":{"@id":"https:\/\/esstogai.com\/produktai\/produktas\/rankinis-suvirinimo-karstu-oru-aparatas-perkeo-hotgun\/#breadcrumb"},"inLanguage":"lt-LT","potentialAction":[{"@type":"ReadAction","target":["https:\/\/esstogai.com\/produktai\/produktas\/rankinis-suvirinimo-karstu-oru-aparatas-perkeo-hotgun\/"]}]},{"@type":"ImageObject","inLanguage":"lt-LT","@id":"https:\/\/esstogai.com\/produktai\/produktas\/rankinis-suvirinimo-karstu-oru-aparatas-perkeo-hotgun\/#primaryimage","url":"https:\/\/esstogai.com\/produktai\/wp-content\/uploads\/2025\/10\/Screenshot-2023-10-27-114201-scaled-1.jpg","contentUrl":"https:\/\/esstogai.com\/produktai\/wp-content\/uploads\/2025\/10\/Screenshot-2023-10-27-114201-scaled-1.jpg","width":1800,"height":859},{"@type":"BreadcrumbList","@id":"https:\/\/esstogai.com\/produktai\/produktas\/rankinis-suvirinimo-karstu-oru-aparatas-perkeo-hotgun\/#breadcrumb","itemListElement":[{"@type":"ListItem","position":1,"name":"Home","item":"https:\/\/esstogai.com\/produktai\/"},{"@type":"ListItem","position":2,"name":"Katalogas","item":"https:\/\/esstogai.com\/produktai\/katalogas\/"},{"@type":"ListItem","position":3,"name":"Rankinis suvirinimo kar\u0161tu oru aparatas PERKEO HOTGUN"}]},{"@type":"WebSite","@id":"https:\/\/esstogai.com\/produktai\/#website","url":"https:\/\/esstogai.com\/produktai\/","name":"Profesional\u016bs plok\u0161\u010di\u0173 stog\u0173 dengimo med\u017eiagos ir \u012frankiai","description":"","potentialAction":[{"@type":"SearchAction","target":{"@type":"EntryPoint","urlTemplate":"https:\/\/esstogai.com\/produktai\/?s={search_term_string}"},"query-input":{"@type":"PropertyValueSpecification","valueRequired":true,"valueName":"search_term_string"}}],"inLanguage":"lt-LT"}]}},"_links":{"self":[{"href":"https:\/\/esstogai.com\/produktai\/wp-json\/wp\/v2\/product\/15889","targetHints":{"allow":["GET"]}}],"collection":[{"href":"https:\/\/esstogai.com\/produktai\/wp-json\/wp\/v2\/product"}],"about":[{"href":"https:\/\/esstogai.com\/produktai\/wp-json\/wp\/v2\/types\/product"}],"replies":[{"embeddable":true,"href":"https:\/\/esstogai.com\/produktai\/wp-json\/wp\/v2\/comments?post=15889"}],"version-history":[{"count":1,"href":"https:\/\/esstogai.com\/produktai\/wp-json\/wp\/v2\/product\/15889\/revisions"}],"predecessor-version":[{"id":15946,"href":"https:\/\/esstogai.com\/produktai\/wp-json\/wp\/v2\/product\/15889\/revisions\/15946"}],"wp:featuredmedia":[{"embeddable":true,"href":"https:\/\/esstogai.com\/produktai\/wp-json\/wp\/v2\/media\/15945"}],"wp:attachment":[{"href":"https:\/\/esstogai.com\/produktai\/wp-json\/wp\/v2\/media?parent=15889"}],"wp:term":[{"taxonomy":"product_brand","embeddable":true,"href":"https:\/\/esstogai.com\/produktai\/wp-json\/wp\/v2\/product_brand?post=15889"},{"taxonomy":"product_cat","embeddable":true,"href":"https:\/\/esstogai.com\/produktai\/wp-json\/wp\/v2\/product_cat?post=15889"},{"taxonomy":"product_tag","embeddable":true,"href":"https:\/\/esstogai.com\/produktai\/wp-json\/wp\/v2\/product_tag?post=15889"}],"curies":[{"name":"wp","href":"https:\/\/api.w.org\/{rel}","templated":true}]}}